{"id":21,"date":"2020-12-08T03:53:12","date_gmt":"2020-12-08T03:53:12","guid":{"rendered":"https:\/\/gaviaspreview.com\/wp\/fioxen\/?page_id=21"},"modified":"2023-09-20T13:31:13","modified_gmt":"2023-09-20T10:31:13","slug":"avantaj-sistemi-nedir","status":"publish","type":"page","link":"https:\/\/www.elazigtsoavantaj.com\/tr\/index.php\/avantaj-sistemi-nedir\/","title":{"rendered":"Avantaj Sistemi Nedir?"},"content":{"rendered":"\t\t<div data-elementor-type=\"wp-page\" data-elementor-id=\"21\" class=\"elementor elementor-21\">\n\t\t\t\t\t\t<section class=\"elementor-section elementor-top-section elementor-element elementor-element-918c669 elementor-section-boxed elementor-section-height-default elementor-section-height-default\" data-id=\"918c669\" data-element_type=\"section\">\n\t\t\t\t\t\t<div class=\"elementor-container elementor-column-gap-default\">\n\t\t\t\t\t<div class=\"elementor-column elementor-col-50 elementor-top-column elementor-element elementor-element-1336dd3\" data-id=\"1336dd3\" data-element_type=\"column\">\n\t\t\t<div class=\"elementor-widget-wrap elementor-element-populated\">\n\t\t\t\t\t\t<div class=\"elementor-element elementor-element-dee048b elementor-widget elementor-widget-gva-image-content\" data-id=\"dee048b\" data-element_type=\"widget\" data-widget_type=\"gva-image-content.default\">\n\t\t\t\t<div class=\"elementor-widget-container\">\n\t\t\t<div class=\"gva-element-gva-image-content gva-element\">\t\t\r\n\t\t\t<div class=\"gsc-image-content skin-v1\">\r\n\t\t  \r\n\t\t \t\t\t\t\t<div class=\"image\">\r\n\t\t\t\t\t<img fetchpriority=\"high\" decoding=\"async\" width=\"550\" height=\"625\" src=\"https:\/\/www.elazigtsoavantaj.com\/tr\/wp-content\/uploads\/2023\/09\/baskan-1.jpg\" class=\"attachment-full size-full wp-image-1695\" alt=\"\" \/>\t\t\t\t<\/div>\r\n\t\t \t\t\t\t\t\t<\/div>\r\n\t  \r\n\t \r\n\r\n\t \r\n\r\n\t\r\n \r\n\r\n  \r\n\r\n \r\n\r\n <\/div>\t\t<\/div>\n\t\t\t\t<\/div>\n\t\t\t\t\t<\/div>\n\t\t<\/div>\n\t\t\t\t<div class=\"elementor-column elementor-col-50 elementor-top-column elementor-element elementor-element-5efe3f2\" data-id=\"5efe3f2\" data-element_type=\"column\">\n\t\t\t<div class=\"elementor-widget-wrap elementor-element-populated\">\n\t\t\t\t\t\t<div class=\"elementor-element elementor-element-d96b2fc elementor-widget elementor-widget-gva-icon-box-styles\" data-id=\"d96b2fc\" data-element_type=\"widget\" data-widget_type=\"gva-icon-box-styles.default\">\n\t\t\t\t<div class=\"elementor-widget-container\">\n\t\t\t<div class=\"gva-element-gva-icon-box-styles gva-element\">\r\n         <div class=\"widget gsc-icon-box-styles style-1 \">\r\n         <div class=\"icon-box-content\">\r\n                           <div class=\"box-content\">\r\n               <h3 class=\"title\">Ba\u015fkan'\u0131n Mesaj\u0131<\/h3><div class=\"desc\">El\u00e2z\u0131\u011f Ticaret ve Sanayi Odas\u0131 olarak, 2022-2026 hizmet d\u00f6nemimizde s\u00f6z verdi\u011fimiz gibi ilimizin ekonomisine can suyu verecek, \u015fehrimizin ticari hayat\u0131n\u0131 canland\u0131rmaya ve \u00fcyelerimize katma de\u011fer sa\u011flayacak projeleri hayata ge\u00e7irmeye devam ediyoruz.\n<br>\nBu kapsamda Elaz\u0131\u011f Ticaret ve Sanayi Odas\u0131 olarak, \u00fcyelerimize sundu\u011fumuz ayr\u0131cal\u0131klara bir yenisini daha ekledik. \u0130\u00e7erisinde bulundu\u011fumuz zorlu ekonomik s\u00fcre\u00e7te, \u00fcyelerimizin Elaz\u0131\u011f Ticaret ve Sanayi Odas\u0131 \u00fcyesi olman\u0131n fark\u0131 ile bir\u00e7ok alanda mal ve hizmet al\u0131mlar\u0131nda avantajl\u0131 ko\u015fullar elde etmelerini sa\u011flayacak stratejiler geli\u015ftiriyor, anla\u015fmalara imza at\u0131yoruz.\n<br>\n\u00dcyelerimize e\u011fitimden sa\u011fl\u0131\u011fa, ula\u015f\u0131mdan konaklamaya, g\u0131dadan akaryak\u0131ta kadar t\u00fcm farkl\u0131 sekt\u00f6rlerde firmayla \u00f6zel i\u015fbirli\u011fi anla\u015fmalar\u0131 ger\u00e7ekle\u015ftirerek, \u00fcyelerimizin \u00fcr\u00fcn ve hizmetlerden en avantajl\u0131 \u015fartlarda yararlanmas\u0131n\u0131 ama\u00e7l\u0131yoruz.\n<br>\nProjemizde, hem \u00fcyelerimizin indirimlerden yararlanaca\u011f\u0131 hem de \u00fcye i\u015fyerlerimizin tan\u0131t\u0131m\u0131n\u0131n yap\u0131laca\u011f\u0131 network ile \u00e7ift tarafl\u0131 fayda sa\u011flamay\u0131 planl\u0131yoruz.\n<br>\nProje kapsam\u0131nda, Odam\u0131z ile indirim protokol\u00fc yapan firmalar\u0131n indirim oranlar\u0131 ve firma tan\u0131t\u0131mlar\u0131, odam\u0131z\u0131n t\u00fcm sosyal medya ve web platformlar\u0131ndan, SMS ve Mail kanallar\u0131ndan \u00fcyelerimize belirli periyotlarda iletilecektir.\n<br>\n\u00dcyelerimiz, anla\u015fma sa\u011flad\u0131\u011f\u0131m\u0131z kurum ve i\u015fyerlerinden, \u00fcye kartlar\u0131, \u00fcye faaliyet veya sicil belgeleri ile yapt\u0131klar\u0131 al\u0131\u015fveri\u015flerde, belirlenen oranlarda indirimden yararlanacakt\u0131r.\n<br>\n<b>\u0130dris ALAN<\/B>\n<BR><B>Elaz\u0131\u011f TSO Y\u00f6netim Kurulu Ba\u015fkan\u0131<\/b><\/div>            <\/div>\r\n         <\/div> \r\n               <\/div>   \r\n   \r\n   \r\n   \r\n     <\/div>\t\t<\/div>\n\t\t\t\t<\/div>\n\t\t\t\t\t<\/div>\n\t\t<\/div>\n\t\t\t\t\t<\/div>\n\t\t<\/section>\n\t\t\t\t<\/div>\n\t\t","protected":false},"excerpt":{"rendered":"<p>Ba\u015fkan&#8217;\u0131n Mesaj\u0131 El\u00e2z\u0131\u011f Ticaret ve Sanayi Odas\u0131 olarak, 2022-2026 hizmet d\u00f6nemimizde s\u00f6z verdi\u011fimiz gibi ilimizin ekonomisine can suyu verecek, \u015fehrimizin ticari hayat\u0131n\u0131 canland\u0131rmaya ve \u00fcyelerimize katma de\u011fer sa\u011flayacak projeleri hayata [&hellip;]<\/p>\n","protected":false},"author":1,"featured_media":0,"parent":0,"menu_order":0,"comment_status":"closed","ping_status":"closed","template":"","meta":{"_price":"","_stock":"","_tribe_ticket_header":"","_tribe_default_ticket_provider":"","_tribe_ticket_capacity":"0","_ticket_start_date":"","_ticket_end_date":"","_tribe_ticket_show_description":"","_tribe_ticket_show_not_going":false,"_tribe_ticket_use_global_stock":"","_tribe_ticket_global_stock_level":"","_global_stock_mode":"","_global_stock_cap":"","_tribe_rsvp_for_event":"","_tribe_ticket_going_count":"","_tribe_ticket_not_going_count":"","_tribe_tickets_list":"[]","_tribe_ticket_has_attendee_info_fields":false,"footnotes":"","_tec_slr_enabled":"","_tec_slr_layout":""},"class_list":["post-21","page","type-page","status-publish","hentry"],"ticketed":false,"_links":{"self":[{"href":"https:\/\/www.elazigtsoavantaj.com\/tr\/index.php\/wp-json\/wp\/v2\/pages\/21","targetHints":{"allow":["GET"]}}],"collection":[{"href":"https:\/\/www.elazigtsoavantaj.com\/tr\/index.php\/wp-json\/wp\/v2\/pages"}],"about":[{"href":"https:\/\/www.elazigtsoavantaj.com\/tr\/index.php\/wp-json\/wp\/v2\/types\/page"}],"author":[{"embeddable":true,"href":"https:\/\/www.elazigtsoavantaj.com\/tr\/index.php\/wp-json\/wp\/v2\/users\/1"}],"replies":[{"embeddable":true,"href":"https:\/\/www.elazigtsoavantaj.com\/tr\/index.php\/wp-json\/wp\/v2\/comments?post=21"}],"version-history":[{"count":13,"href":"https:\/\/www.elazigtsoavantaj.com\/tr\/index.php\/wp-json\/wp\/v2\/pages\/21\/revisions"}],"predecessor-version":[{"id":1698,"href":"https:\/\/www.elazigtsoavantaj.com\/tr\/index.php\/wp-json\/wp\/v2\/pages\/21\/revisions\/1698"}],"wp:attachment":[{"href":"https:\/\/www.elazigtsoavantaj.com\/tr\/index.php\/wp-json\/wp\/v2\/media?parent=21"}],"curies":[{"name":"wp","href":"https:\/\/api.w.org\/{rel}","templated":true}]}}

<div data-elementor-type="wp-page" data-elementor-id="21" class="elementor elementor-21">
						<section class="elementor-section elementor-top-section elementor-element elementor-element-918c669 elementor-section-boxed elementor-section-height-default elementor-section-height-default" data-id="918c669" data-element_type="section">
						<div class="elementor-container elementor-column-gap-default">
					<div class="elementor-column elementor-col-50 elementor-top-column elementor-element elementor-element-1336dd3" data-id="1336dd3" data-element_type="column">
			<div class="elementor-widget-wrap elementor-element-populated">
						<div class="elementor-element elementor-element-dee048b elementor-widget elementor-widget-gva-image-content" data-id="dee048b" data-element_type="widget" data-widget_type="gva-image-content.default">
				<div class="elementor-widget-container">
			<div class="gva-element-gva-image-content gva-element">		
			<div class="gsc-image-content skin-v1">
		  
		 					<div class="image">
					<img fetchpriority="high" decoding="async" width="550" height="625" src="https://www.elazigtsoavantaj.com/tr/wp-content/uploads/2023/09/baskan-1.jpg" class="attachment-full size-full wp-image-1695" alt="" />				</div>
		 						</div>
	  
	 

	 

	
 

  

 

 </div>		</div>
				</div>
					</div>
		</div>
				<div class="elementor-column elementor-col-50 elementor-top-column elementor-element elementor-element-5efe3f2" data-id="5efe3f2" data-element_type="column">
			<div class="elementor-widget-wrap elementor-element-populated">
						<div class="elementor-element elementor-element-d96b2fc elementor-widget elementor-widget-gva-icon-box-styles" data-id="d96b2fc" data-element_type="widget" data-widget_type="gva-icon-box-styles.default">
				<div class="elementor-widget-container">
			<div class="gva-element-gva-icon-box-styles gva-element">
         <div class="widget gsc-icon-box-styles style-1 ">
         <div class="icon-box-content">
                           <div class="box-content">
               <h3 class="title">Başkan'ın Mesajı</h3><div class="desc">Elâzığ Ticaret ve Sanayi Odası olarak, 2022-2026 hizmet dönemimizde söz verdiğimiz gibi ilimizin ekonomisine can suyu verecek, şehrimizin ticari hayatını canlandırmaya ve üyelerimize katma değer sağlayacak projeleri hayata geçirmeye devam ediyoruz.
<br>
Bu kapsamda Elazığ Ticaret ve Sanayi Odası olarak, üyelerimize sunduğumuz ayrıcalıklara bir yenisini daha ekledik. İçerisinde bulunduğumuz zorlu ekonomik süreçte, üyelerimizin Elazığ Ticaret ve Sanayi Odası üyesi olmanın farkı ile birçok alanda mal ve hizmet alımlarında avantajlı koşullar elde etmelerini sağlayacak stratejiler geliştiriyor, anlaşmalara imza atıyoruz.
<br>
Üyelerimize eğitimden sağlığa, ulaşımdan konaklamaya, gıdadan akaryakıta kadar tüm farklı sektörlerde firmayla özel işbirliği anlaşmaları gerçekleştirerek, üyelerimizin ürün ve hizmetlerden en avantajlı şartlarda yararlanmasını amaçlıyoruz.
<br>
Projemizde, hem üyelerimizin indirimlerden yararlanacağı hem de üye işyerlerimizin tanıtımının yapılacağı network ile çift taraflı fayda sağlamayı planlıyoruz.
<br>
Proje kapsamında, Odamız ile indirim protokolü yapan firmaların indirim oranları ve firma tanıtımları, odamızın tüm sosyal medya ve web platformlarından, SMS ve Mail kanallarından üyelerimize belirli periyotlarda iletilecektir.
<br>
Üyelerimiz, anlaşma sağladığımız kurum ve işyerlerinden, üye kartları, üye faaliyet veya sicil belgeleri ile yaptıkları alışverişlerde, belirlenen oranlarda indirimden yararlanacaktır.
<br>
<b>İdris ALAN</B>
<BR><B>Elazığ TSO Yönetim Kurulu Başkanı</b></div>            </div>
         </div> 
               </div>   
   
   
   
     </div>		</div>
				</div>
					</div>
		</div>
					</div>
		</section>
				</div>

<p>Başkan&#8217;ın Mesajı Elâzığ Ticaret ve Sanayi Odası olarak, 2022-2026 hizmet dönemimizde söz verdiğimiz gibi ilimizin ekonomisine can suyu verecek, şehrimizin ticari hayatını canlandırmaya ve üyelerimize katma değer sağlayacak projeleri hayata [&hellip;]</p>
